
8
Suppose -2588 - 1724 = -22*n. What is the tens digit of n?
9
Let y(p) = 32*p**2 - 34*p - 116. What is the units digit of y(-4)?
2
Let q(i) = i**3 - i + 23. Suppose -5 - 3 = -4*b, -43 = 5*r - 4*b. Let l be 1/r + (-5)/(-35). What is the units digit of q(l)?
3
Let b be 6 + 6/(-3) + 15. Suppose 0 = 2*n - b - 13. What is the units digit of n?
6
Let v(x) = -462*x**3 - 2*x**2 + 2. What is the hundreds digit of v(-1)?
4
Suppose 3*n - 1986 - 5001 = 0. What is the hundreds digit of n?
3
Let c be (21/35)/(2 + 1089/(-545)). Let n = c - 178. What is the units digit of n?
9
Let a(s) = -s**3 - s - 8. Let t be a(-3). Suppose -3*g + 4*h = -121, -4*h + t - 2 = 0. What is the tens digit of g?
4
Let s = 41 + -31. Let o be s/(5/(25/10)). Suppose -201 = -4*t + 5*a, -5*t + 0*a + 250 = -o*a. What is the tens digit of t?
4
Suppose -s = -12 + 13. Let y be ((-3)/(-2))/(3/42). Let r = y + s. What is the units digit of r?
0
Suppose -1261 = -4*m + 3*g, 0*g - 633 = -2*m - g. What is the tens digit of m?
1
Suppose -8*m + 6877 - 1533 = 0. What is the hundreds digit of m?
6
Suppose 1162 = 4*t - 58. Suppose 5*g - t = 10*g. Let h = -28 - g. What is the units digit of h?
3
Let l(m) = m**3 + 9*m**2 - 13*m - 25. Let w be l(-10). Suppose -w*z + 27 + 23 = 0. What is the units digit of z?
0
Suppose -3*z + 5392 = 142. What is the hundreds digit of z?
7
Let v = 11 - 6. Suppose -2*a = -m + 109, -v*a - 4 = -14. Suppose 33 - m = -5*o. What is the tens digit of o?
1
Let b = 931 - 367. What is the units digit of b?
4
Suppose 1181 = 9*h + 308. What is the tens digit of h?
9
Suppose 3*i + 0*i = 189. Suppose 3*v + 79 = 2*o, 0 = -2*o + 5*v + i + 26. What is the tens digit of o?
3
Let o = 127 - -1130. What is the tens digit of o?
5
Let s be (36/8)/(2/8). Let p be (-4)/s - (-5190)/27. Suppose 3*n - 5*v - 144 = 0, -v = -2*n - 2*n + p. What is the units digit of n?
8
Let h(b) = 2*b + 3. Let c(f) = 1. Let z(s) = -6*c(s) + 3*h(s). Let w(y) = -13*y + 242. Let t be w(18). What is the tens digit of z(t)?
5
Suppose -2*p + 283 = f, 2*f + 3*p - 186 - 380 = 0. What is the units digit of f?
3
Let d(w) = 132*w**2 - 10. Let t be d(-3). Suppose -14*h + t = -1468. What is the units digit of h?
9
Let w(d) = 69*d + 17. What is the units digit of w(1)?
6
Suppose 28 = -2*j - 8. Let q = -24 - j. What is the units digit of (76/(-10))/(q/15)?
9
Let o = -111 + 111. Suppose 4*l - q - 772 = o, -6*l = -l + 3*q - 948. What is the units digit of l?
2
Let v = 198 + 228. What is the hundreds digit of v?
4
Let s(d) = -2*d. Let g(m) = -2*m - 1. Let n(h) = 4*g(h) - 3*s(h). Let f be n(6). Let w = f + 24. What is the units digit of w?
8
Suppose 80*z = 60*z + 71140. What is the tens digit of z?
5
Let j(y) = -3*y + 20. Let p be j(5). Suppose 3*x = 3*f - 238 - 158, -x = p*f - 636. What is the hundreds digit of f?
1
Let d be (-6)/(-10) - (-9)/(-15). Suppose -n = -d*u + 4*u - 142, -5*n + 150 = 4*u. What is the units digit of u?
5
Let f(i) be the first derivative of i**3/3 - 3*i**2/2 - i - 17. What is the units digit of f(-5)?
9
Let i = 10 + -16. What is the tens digit of (-2974)/(-14) + i/14?
1
Let v = -611 - -1236. What is the units digit of v?
5
Let y be (4*-1)/2 - 6. Suppose 0*f + 126 = 6*f. Let q = f + y. What is the units digit of q?
3
Suppose 3*c - 5*q + 525 = 0, 3*c + 5*q = -92 - 403. What is the tens digit of 6/(-2)*(c/15 + 3)?
2
Suppose 5*w - 3*f = 729, -5*f = w - 126 - 3. Let n = w - 100. What is the tens digit of n?
4
What is the tens digit of 16968/(-9)*(1 - 65/26)?
2
Suppose -4*g + 16 = -0*g. Suppose 4 = -4*c + 20, -g*q = -3*c - 688. What is the hundreds digit of q?
1
Let s(h) = 207*h - 393. What is the tens digit of s(6)?
4
Let u be ((-12264)/(-48))/((-1)/(-2)). Suppose -18*f + 11*f = -u. What is the tens digit of f?
7
Let c(w) be the third derivative of -w**4/12 - w**3/6 + 7*w**2. Let x(v) = -5*v - 1. Let f be x(1). What is the tens digit of c(f)?
1
Suppose -9*y + 32585 = 10*y. What is the thousands digit of y?
1
Let o be (6/5)/((-1)/(-5)). Let q be (27/6)/(3/o). Suppose u + 2*c = 16, -3*c - 3 = q. What is the tens digit of u?
2
Let y = 1 + 3. Suppose b - p - 4 = 0, -2*b - 4*p = -2*p - y. Let n = 17 + b. What is the units digit of n?
0
Let c(m) = 33*m - 1. Let k be c(1). Suppose -2*o + 4*u - 2 = 0, 6*o - 5 = 2*o - u. What is the tens digit of k + -3 + (o - -1)?
3
What is the hundreds digit of (29 + -28)/((-2)/(-3718))?
8
Suppose 5*a + 5*n - 350 = 0, -10*a + 14*a - 2*n = 268. What is the tens digit of a?
6
Let l be (-4 + 1)/((-30)/(-40)). Let d be ((-6)/(-2))/(l/(-92)). Let s = 103 - d. What is the tens digit of s?
3
Let p(b) = -b**2 - b + 4. Suppose -5*z + 3*z = 4. Let w = z - -2. What is the units digit of p(w)?
4
Suppose 14*n - 6611 = 3*n. What is the tens digit of n?
0
Let w(c) be the third derivative of -c**6/120 + c**5/12 + c**4/24 - c**3/6 + 6*c**2. Let o be w(5). What is the tens digit of (-50)/o*(0 - 2)?
2
Let q(k) be the first derivative of k**4/4 + 4*k**3/3 + 5*k**2/2 - 7. Let u be q(4). Suppose 3*j - 7*j = -u. What is the tens digit of j?
3
Let t(p) = -p**2 - 16*p - 12. Let x be t(-25). Let z = x + 491. What is the tens digit of z?
5
Let x = 50 - 57. Let r(k) = k**2 - 10*k - 10. What is the hundreds digit of r(x)?
1
Suppose -11*p + 1326 - 116 = 0. What is the hundreds digit of p?
1
Let c = 585 + -413. Let a = -59 + c. What is the hundreds digit of a?
1
Suppose 0 = -2*a + 4*x - 2*x + 1126, -4*a + 3*x = -2254. What is the units digit of a?
5
Suppose 4*p - 3468 = -2*b, 2*b + 1627 = 2*p - 107. What is the tens digit of p?
6
Suppose u - 6*u + 2*q = -26, -5*u + 36 = 3*q. What is the tens digit of -82*(9/u)/(-3)?
4
Suppose -n + a + 2790 + 517 = 0, -13226 = -4*n + 3*a. What is the tens digit of n?
0
Let q(p) = -13*p - 10. Let z(g) = -g - 1. Let s(j) = -q(j) + 6*z(j). What is the units digit of s(4)?
2
Let b(n) = 35*n**2 + 2*n - 1. Suppose z - 4 = -t, -3 = -3*z - 2*t + 9. Suppose -5*y + y = -z. What is the tens digit of b(y)?
3
Suppose 3*m = 2*a - 167, -2 + 7 = 5*m. What is the units digit of a?
5
Suppose 2*x - 12 - 2 = 3*n, -3*x - n = -21. Suppose 0 = x*b - 1581 + 307. What is the tens digit of b?
8
Let c(l) = -5*l - 256. What is the units digit of c(-62)?
4
Suppose -3*i + 5*i = 12. Let l be (-2)/(-3) + (-4)/i. Let q(z) = -2*z + 11. What is the tens digit of q(l)?
1
Suppose -6*c + 2*c + 12304 = 2*i, 3*i = -c + 3081. What is the units digit of c?
5
Let y(q) = q**2 - 16*q + 18. Let i be y(17). Let o = -26 + i. Let x = o - -25. What is the units digit of x?
4
Let j be ((-12)/(-16))/(2/8). Let l = j + 4. Let w = 14 + l. What is the tens digit of w?
2
What is the tens digit of (-2)/7 + -5*7568/(-140)?
7
Suppose -4*x - x + 10 = 0. Suppose -4 = 2*w + 3*q + x*q, 2*q = -4. Suppose 4*d = 3*u + 129, -4*d - w*u = -76 - 83. What is the tens digit of d?
3
Suppose 5*l = 17 - 7. Suppose 100 = 2*b + 4*k, -b - l*b + 2*k + 118 = 0. What is the units digit of b?
2
Let w(l) = -116*l + 2. Let g be w(-5). What is the tens digit of 6/(-15) + g/30?
1
Let s(m) = m**2 - 22*m - 18. Let f be s(23). Suppose 51 = f*c - 529. What is the hundreds digit of c?
1
Suppose -3*q = 5*u - 494, 0*q - 4*q + 670 = u. What is the tens digit of q?
6
Let g(q) = 2*q - 10. Let y be g(6). What is the units digit of -95*(y + 2 + 0 - 5)?
5
Let l = 61 - 33. Suppose -o - 3*n = 6, 6*o = 2*o + n + l. What is the tens digit of (-86)/(-4) - (-3)/o?
2
Let x be 5/(-20) - (-2)/8. Suppose -f - u = f - 2, x = 2*f + 5*u + 6. What is the tens digit of f + 11 - 2/(-2)?
1
Let b be (-2 - -5 - 1)*1. Suppose -6 = -b*i - i, -4*i = -5*l + 32. What is the units digit of l?
8
Let p = 1216 - 827. What is the units digit of p?
9
Let a = 1 + 2. Suppose 3*i + 27 = a*w, -16 = -5*w + w - i. Suppose -28 = 3*s - w*s. What is the tens digit of s?
1
What is the hundreds digit of 27370/253 + 4/(-22)?
1
Let b = 73 - 75. What is the units digit of (-102)/(b + -1)*5/2?
5
Let b(i) = 9*i**3 + 7*i**2 + 11*i - 3. What is the tens digit of b(5)?
5
Suppose -2*o - 34 = -5*m + 8, m - 26 = -4*o. Let l(x) = 3*x**3 - 2*x**2 + 1. Let s be l(-1). Let j = s + m. What is the units digit of j?
6
Let f(w) = 2*w**2 - 10*w - 64. What is the hundreds digit of f(-15)?
5
Let c = -90 + 182. Suppose 14*m + c = 18*m. What is the tens digit of m?
2
Suppose -3*k - 392 = -7*k. Let s = 185 - k. What is the tens digit of s?
8
L